te the remainder when (24/(-7))/((-2)/t) is divided by y(6).
11
Suppose -3*i = -5*i + 6. What is the remainder when i is divided by 3?
0
Suppose -b + 3*b = 52. Suppose 2*w - 71 = -w + 4*l, w + l - b = 0. Calculate the remainder when w is divided by (3/5)/(2/30).
7
Let a(x) = 5*x - 1. Let v = -5 - -10. Suppose v*k - 21 = -2*j, j = -4*k + 2*k + 9. Calculate the remainder when a(j) is divided by 5.
4
Suppose 7 + 41 = 4*g. What is the remainder when (4 + -4 - 1)*-23 is divided by g?
11
Let s(u) = u**3 - u + 22. What is the remainder when 107 is divided by s(0)?
19
Suppose -4*f + 89 + 103 = 0. Suppose 3*v + 0*v = f. Calculate the remainder when v is divided by ((-1)/(-2))/((-4)/(-48)).
4
Let u(c) = c**3 + 21*c**2 - 23*c - 11. What is the remainder when u(-22) is divided by 8?
3
Calculate the remainder when ((-5)/(-4))/((-4)/(-80)) is divided by 13.
12
Suppose -6*q - 63 = -3*o - q, 3*o = -4*q + 36. What is the remainder when 62 is divided by o?
14
Suppose -4*v = -3*m - 233, 5*m = v - 0*v - 54. Calculate the remainder when v is divided by 15.
14
Let r = 29 - 15. Calculate the remainder when 66 is divided by r.
10
Let q(a) be the third derivative of a**4/12 - a**3 - a**2. Let f(n) = -n**2 + 5*n + 4. Let g be f(5). What is the remainder when 3 is divided by q(g)?
1
Let t = 32 + -31. What is the remainder when 1 is divided by t?
0
Let k = -27 - -7. Let p = -8 - k. Calculate the remainder when p is divided by 5.
2
Let c(r) = -3 + 2 + 3*r + 4*r**2 + 7. Let i be c(-4). Suppose 5*q + 4*n - 2*n - i = 0, -2*q + 4*n = -4. Calculate the remainder when 28 is divided by q.
8
Let p = 53 + -37. Calculate the remainder when 77 is divided by p.
13
Suppose -5*m + 5*o = -5, -2*m - 5*o - 26 = -0*m. What is the remainder when (12/9)/(4/114) is divided by 14/2 - m/1?
8
Let j = 6 + 5. Calculate the remainder when -1 - -31 - 2/(-2) is divided by j.
9
Suppose 0 = 5*x - 3 - 12. Suppose -r - 27 = -3*s + 13, 5*s + x*r = 62. Calculate the remainder when 37 is divided by s.
11
Suppose -i = -3 + 5. Suppose 7*l = 9*l - 4. Let t = l - i. Calculate the remainder when 11 is divided by t.
3
Let p(b) = 31*b - 1. Let x(i) = -i + 22. Calculate the remainder when p(1) is divided by x(11).
8
Let s(o) be the second derivative of o**4/12 + o**3/6 + o**2 + 3*o. Calculate the remainder when s(-7) is divided by 15.
14
Suppose -n - 5 = -0. Let h(a) be the third derivative of -a**4/24 - a**2. What is the remainder when h(n) is divided by 3?
2
Suppose -3*f = 3*n - 36 - 45, 0 = 2*f - 2*n - 42. Calculate the remainder when 65 is divided by f.
17
Let c = -10 + -16. Let l = 8 - c. What is the remainder when l is divided by 9?
7
What is the remainder when (177/12)/(4/16) is divided by 20?
19
Let v(k) = k**2 - 10*k - 3. Calculate the remainder when v(11) is divided by 5.
3
Let q be (10/8)/((-6)/(-24)). Let f = 5 - q. Suppose 4*o + 2*x = x + 78, f = -o - x + 18. Calculate the remainder when o is divided by 7.
6
Let d = -2 - -2. Suppose d = -x - 12 - 7. Let l = 30 + x. What is the remainder when 21 is divided by l?
10
Let k = 76 + -70. Calculate the remainder when k is divided by 2.
0
Suppose o + 2*k = -3*k + 14, -k = -5*o + 70. What is the remainder when 51 is divided by o?
9
Suppose m - 5*m = -96. Suppose 2*k = -0*k + 12. What is the remainder when -2*(-3)/(9/m) is divided by k?
4
Suppose 0 = 6*y - 2*y - 20, 0 = 4*j + 4*y - 36. Let c be (-93)/(-3) + -1 + 1. Let t = -20 + c. What is the remainder when t is divided by j?
3
Suppose -3*r - 2*r + h = -35, 20 = -4*h. Let d(i) = i + 2. Let m be d(3). Suppose 13 = 2*x - m. What is the remainder when x is divided by r?
3
Suppose 3*f - 15 = 0, -6 = -3*l - 4*f + 50. Suppose -5*d + h + 2 = -1, 5*h - l = -2*d. Calculate the remainder when ((-1 - -1) + d)*23 is divided by 8.
7
Let h(v) = v**3 - 4*v**2 - v. Let k be h(5). Let s = 7 + k. Suppose 5*y + 4*d = 126, 0*y + y = d + s. What is the remainder when y is divided by 9?
8
Let t(b) = 36*b**2 - 2*b + 1. Suppose 1 = 4*o - 35. What is the remainder when t(1) is divided by o?
8
Suppose -4*n = -0*n - 60. Let c = 16 + -8. Calculate the remainder when n is divided by c.
7
Suppose x + 2*s - 163 + 48 = 0, -3*x + 5*s = -312. Calculate the remainder when x is divided by 22.
21
Let j(u) = u + 2. Suppose 4*s = -0*s + 20. Suppose s*r = -5*x + 2*x + 8, -r + x = -8. Calculate the remainder when r is divided by j(0).
0
Suppose -37 = -4*c + 55. Suppose -5*m = 4*g - 33, 5*g - 8 - 43 = -3*m. Calculate the remainder when c is divided by g.
11
Suppose 0 = 3*j - 4*j - 5*p - 13, -5*j + 5*p = -55. What is the remainder when 11 is divided by j?
4
Suppose -3*n + 27 = 3*w, 2*w - 6 = -n + 8. Suppose -5*g - 4*z = z - 100, z = w. What is the remainder when g is divided by 6?
3
Let a = -42 - -47. What is the remainder when 12 is divided by a?
2
Let a = 20 + -5. Calculate the remainder when (-50)/(-4)*12/a is divided by 4.
2
Let l be -6*(9/6 + -2). Suppose -4*k + 125 = -l. Let g = k - 19. What is the remainder when 37 is divided by g?
11
Let j(a) = -a**3 + 2*a**2 + 3*a + 2. Let y be (-6)/(-4)*(-12)/18. Let i = -1 + y. What is the remainder when 35 is divided by j(i)?
11
Suppose 1 = k - 5*z, 0 = -2*k - 4*z - z - 13. Let q(y) = -y**2 + 3*y + 3. Let v be q(k). What is the remainder when (-103)/(-5) + (-10)/v is divided by 11?
10
Calculate the remainder when (3/2)/(15/20) is divided by (1 + 2/(-3))*3.
0
Let n = 20 + -17. Suppose -2*l + 6*l = 5*r + 9, 0 = -n*r - 3. What is the remainder when 2 is divided by l?
0
Suppose 5*w + j + 6 = 25, 0 = -w + 5*j - 17. Suppose y - 3 = 2*y + 2*s, -y - w*s = 8. What is the remainder when 19 is divided by y?
5
Suppose 5*z + 66 = 8*z. Calculate the remainder when 107 is divided by z.
19
Suppose -2*v + 61 = -17. What is the remainder when 116 is divided by v?
38
Let c = -1 - -14. Calculate the remainder when 34 is divided by c.
8
Let z(q) = 0*q - 1 + q - 7*q + q**2. What is the remainder when 9 + (-2 + 1)/(-1) is divided by z(7)?
4
Let o(c) = -3*c**2 + 14*c - 7. Let m(i) = 7*i**2 - 28*i + 15. Let z(s) = 2*m(s) + 5*o(s). What is the remainder when z(7) is divided by 23?
21
Suppose 0 = 3*b + 5*a - 6 - 1, -5*b = 5*a - 15. What is the remainder when 7 is divided by b?
3
Let i(m) = -m**2 - 13*m - 20. What is the remainder when 157 is divided by i(-8)?
17
What is the remainder when (-5)/5 - (-71)/1 is divided by 12?
10
Let a = 21 + 19. Suppose 6*k - 2*k - a = 0. What is the remainder when k is divided by 4?
2
Suppose -5*p - 3*y + 39 = 0, -2*p + 0*p + 3*y + 3 = 0. Let v(z) = -z**3 - 8*z**2 - 5*z + 16. Calculate the remainder when p is divided by v(-7).
0
Suppose -3*x + 341 = -4. What is the remainder when x is divided by 29?
28
Suppose -8*z - 144 = -16*z. What is the remainder when 142 is divided by z?
16
Let n(b) = 35*b + 1. Let w be n(1). Let x = 139 - w. Let v = x + -62. Calculate the remainder when v is divided by 14.
13
Let p(g) = -g**2 - 9*g - 4. Calculate the remainder when 58 is divided by p(-7).
8
Suppose 0 = 5*r - 171 - 159. Calculate the remainder when r is divided by 23.
20
Let y be (-4 - -2) + 0 + -3. Let j(a) = -8*a + 6. Let u(b) = -4*b + 3. Let x(r) = -2*j(r) + 5*u(r). What is the remainder when x(y) is divided by 8?
7
Let i(w) = 15*w**2 - 2*w + 2. Calculate the remainder when 57 is divided by i(1).
12
Suppose 2*p - 56 = 6*p. Let j be (46/4)/(2/4). Let l = p + j. Calculate the remainder when 26 is divided by l.
8
Let z = -112 - -120. What is the remainder when 22 is divided by z?
6
Suppose -5*q + q + 80 = 0. Calculate the remainder when 78 is divided by q.
18
Let f = -79 - -86. Let a(x) = 2*x**2 - 4*x + 2. Calculate the remainder when a(4) is divided by f.
4
Suppose 3*k = -6, -2*k + 242 = 5*f + 2*k. Let x = -32 + f. Calculate the remainder when 53 is divided by x.
17
Let w(o) = -o**3 - 8*o**2 - 9*o - 3. Let t be w(-7). Suppose 0 = -2*m - y + 16, 3*m + t = 4*y + 46. Calculate the remainder when 33 is divided by m.
6
Let l(n) = 13*n**2 - n. Let j = 43 + -16. What is the remainder when j is divided by l(-1)?
13
Let c be 0 - (-3 + 4)/(-1). What is the remainder when c/(-5) + (-1356)/(-30) is divided by 12?
9
Suppose 4*p - 2 - 10 = 0. Suppose -2*b = -p*b. Let z = 8 + b. Calculate the remainder when z is divided by 5.
3
Suppose 2*b - 3*l = 3 + 2, 2 = b - l. Let c be (28 - 2)/(1 + b). Let y = c - -15. Calculate the 